actors of 3403?
41, 83
What are the prime factors of 23647?
13, 17, 107
List the prime factors of 27277.
27277
List the prime factors of 1038.
2, 3, 173
List the prime factors of 26120.
2, 5, 653
What are the prime factors of 13718?
2, 19
What are the prime factors of 6028?
2, 11, 137
List the prime factors of 4999.
4999
List the prime factors of 16589.
53, 313
What are the prime factors of 14154?
2, 3, 7, 337
What are the prime factors of 1436?
2, 359
What are the prime factors of 3117?
3, 1039
What are the prime factors of 194?
2, 97
List the prime factors of 20507.
20507
What are the prime factors of 15405?
3, 5, 13, 79
List the prime factors of 5238.
2, 3, 97
List the prime factors of 2903.
2903
List the prime factors of 7462.
2, 7, 13, 41
What are the prime factors of 1163?
1163
What are the prime factors of 739?
739
List the prime factors of 3879.
3, 431
List the prime factors of 6466.
2, 53, 61
What are the prime factors of 5266?
2, 2633
What are the prime factors of 187906?
2, 47, 1999
List the prime factors of 1286.
2, 643
List the prime factors of 3630.
2, 3, 5, 11
List the prime factors of 28859.
28859
List the prime factors of 318.
2, 3, 53
List the prime factors of 36713.
36713
List the prime factors of 8423.
8423
What are the prime factors of 291?
3, 97
List the prime factors of 12471.
3, 4157
What are the prime factors of 4802?
2, 7
What are the prime factors of 421?
421
What are the prime factors of 1919?
19, 101
What are the prime factors of 10208?
2, 11, 29
List the prime factors of 64497.
3, 21499
What are the prime factors of 1991?
11, 181
List the prime factors of 3349.
17, 197
List the prime factors of 175055.
5, 157, 223
What are the prime factors of 3434?
2, 17, 101
List the prime factors of 782.
2, 17, 23
List the prime factors of 29798.
2, 47, 317
What are the prime factors of 76348?
2, 19087
List the prime factors of 162.
2, 3
List the prime factors of 5404.
2, 7, 193
What are the prime factors of 3175?
5, 127
What are the prime factors of 3205?
5, 641
What are the prime factors of 37941?
3, 12647
List the prime factors of 38652.
2, 3, 3221
What are the prime factors of 1538?
2, 769
List the prime factors of 23510.
2, 5, 2351
What are the prime factors of 28114?
2, 14057
List the prime factors of 31183.
31183
List the prime factors of 1527.
3, 509
List the prime factors of 20523.
3, 6841
What are the prime factors of 157699?
179, 881
List the prime factors of 34928.
2, 37, 59
What are the prime factors of 28061?
11, 2551
List the prime factors of 9891.
3, 7, 157
What are the prime factors of 25196?
2, 6299
What are the prime factors of 1050?
2, 3, 5, 7
What are the prime factors of 165851?
7, 19, 29, 43
List the prime factors of 9378.
2, 3, 521
What are the prime factors of 299?
13, 23
What are the prime factors of 43079?
23, 1873
What are the prime factors of 71?
71
List the prime factors of 22084.
2, 5521
List the prime factors of 5003.
5003
What are the prime factors of 7828?
2, 19, 103
List the prime factors of 122348.
2, 73, 419
List the prime factors of 3087.
3, 7
What are the prime factors of 19157?
19157
List the prime factors of 14667.
3, 4889
What are the prime factors of 149879?
67, 2237
List the prime factors of 18664.
2, 2333
List the prime factors of 23987.
17, 83
What are the prime factors of 1037?
17, 61
What are the prime factors of 12049?
12049
List the prime factors of 3458.
2, 7, 13, 19
List the prime factors of 7681.
7681
What are the prime factors of 8216?
2, 13, 79
What are the prime factors of 9539?
9539
What are the prime factors of 29100?
2, 3, 5, 97
List the prime factors of 866.
2, 433
List the prime factors of 24757.
19, 1303
What are the prime factors of 22194?
2, 3, 137
List the prime factors of 11020.
2, 5, 19, 29
List the prime factors of 869.
11, 79
What are the prime factors of 5926?
2, 2963
What are the prime factors of 1015?
5, 7, 29
List the prime factors of 3643.
3643
List the prime factors of 1454.
2, 727
List the prime factors of 23903.
11, 41, 53
List the prime factors of 27760.
2, 5, 347
What are the prime factors of 99476?
2, 13, 1913
List the prime factors of 5452.
2, 29, 47
List the prime factors of 5212.
2, 1303
List the prime factors of 625.
5
List the prime factors of 28893.
3, 9631
List the prime factors of 33412.
2, 8353
List the prime factors of 467.
467
List the prime factors of 21517.
21517
List the prime factors of 35237.
167, 211
List the prime factors of 796.
2, 199
What are the prime factors of 93004?
2, 23251
List the prime factors of 397.
397
List the prime factors of 1042.
2, 521
What are the prime factors of 243?
3
List the prime factors of 79.
79
List the prime factors of 2093.
7, 13, 23
What are the prime factors of 13706?
2, 7, 11, 89
List the prime factors of 50093.
50093
List the prime factors of 19681.
19681
List the prime factors of 568.
2, 71
What are the prime factors of 13594?
2, 7, 971
What are the prime factors of 152124?
2, 3, 7, 1811
What are the prime factors of 67184?
2, 13, 17, 19
List the prime factors of 172.
2, 43
List the prime factors of 66507.
3, 7, 3167
What are the prime factors of 2614?
2, 1307
What are the prime factors of 112405?
5, 22481
What are the prime factors of 200?
2, 5
List the prime factors of 471.
3, 157
List the prime factors of 39.
3, 13
List the prime factors of 193.
193
List the prime factors of 7922.
2, 17, 233
List the prime factors of 579.
3, 193
List the prime factors of 20024.
2, 2503
What are the prime factors of 9655?
5, 1931
What are the prime factors of 5688?
2, 3, 79
List the prime factors of 9009.
3, 7, 11, 13
What are the prime factors of 6694?
2, 3347
List the prime factors of 51488.
2, 1609
List the prime factors of 2927.
2927
List the prime factors of 2727.
3, 101
What are the prime factors of 16939?
13, 1303
What are the prime factors of 7724?
2, 1931
What are the prime factors of 1233?
3, 137
What are the prime factors of 5435?
5, 1087
What are the prime factors of 4281?
3, 1427
List the prime factors of 9389.
41, 229
What are the prime factors of 903?
3, 7, 43
What are the prime factors of 2819?
2819
List the prime factors of 94.
2, 47
List the prime factors of 922.
2, 461
What are the prime factors of 2817?
3, 313
What are the prime factors of 108797?
13, 8369
What are the prime factors of 2640?
2, 3, 5, 11
What are the prime factors of 15862?
2, 7, 11, 103
List the prime factors of 593.
593
What are the prime factors of 1722?
2, 3, 7, 41
List the prime factors of 7913.
41, 193
List the prime factors of 4280.
2, 5, 107
List the prime factors of 1023.
3, 11, 31
List the prime factors of 4267.
17, 251
List the prime factors of 6938.
2, 3469
List the prime factors of 16921.
16921
What are the prime factors of 695?
5, 139
List the prime factors of 482.
2, 241
What are the prime factors of 81837?
3, 7, 433
List the prime factors of 3597.
3, 11, 109
What are the prime factors of 40372?
2, 10093
List the prime factors of 9136.
2, 571
List the prime factors of 20854.
2, 10427
What are the prime factors of 2754?
2, 3, 17
What are the prime factors of 22589?
7, 461
List the prime factors of 2112.
2, 3, 11
What are the prime factors of 7622?
2, 37, 103
List the prime factors of 29690.
2, 5, 2969
List the prime factors of 14759.
14759
List the prime factors of 25120.
2, 5, 157
List the prime factors of 4473.
3, 7, 71
What are the prime factors of 47407?
47407
List the prime factors of 10602.
2, 3, 19, 31
What are the prime factors of 126903?
3, 7, 6043
List the prime factors of 13422.
2, 3, 2237
What are the prime factors of 389?
389
What are the prime factors of 45447?
3, 15149
List the prime factors of 65605.
5, 13121
What are the prime factors of 75709?
75709
List the prime factors of 11110.
2, 5, 11, 101
What are the prime factors of 10077?
3, 3359
List the prime factors of 90957.
3, 30319
What are the prime factors of 48607?
13, 3739
List the prime factors of 580.
2, 5, 29
What are the prime factors of 7965?
3, 5, 59
What are the prime factors of 258?
2, 3, 43
List the prime factors of 2506.
2, 7, 179
List the prime factors of 1375.
5, 11
List the prime factors of 23230.
2, 5, 23, 101
What are the prime factors of 5554?
2, 2777
List the prime factors of 285.
3, 5, 19
List the prime factors of 3804